-17).
-17
Let l(x) = -4*x**2 - 33*x + 6. Calculate l(-8).
14
Let w(g) = 14*g - 102. What is w(7)?
-4
Let s(q) = q**3 + q**2 - 4*q + 6. What is s(-4)?
-26
Let i(v) = -v**3 + 7*v**2 + 4*v - 17. What is i(7)?
11
Let m(t) = t**3 - 5*t**2 + 4*t - 1. What is m(4)?
-1
Let s(l) = -l**2 - 12. Give s(0).
-12
Let b(q) = -11*q + 19. What is b(3)?
-14
Let m(x) = x**3 + 5*x**2 - 8*x + 1. Calculate m(-7).
-41
Let c(m) = -m**3 + 9*m**2 + 5. Determine c(8).
69
Let r(n) = -n**2 + 10*n + 14. Give r(11).
3
Let l(d) = -5*d - 7. Determine l(-5).
18
Let j(t) = 6*t**2 + 2*t - 1. Calculate j(-2).
19
Let x(z) = z**2 + 6*z - 7. Give x(-5).
-12
Let j(b) = b**2 - 18*b + 79. Calculate j(5).
14
Let r(m) = -m**3 + 22*m**2 - 100*m + 18. Determine r(6).
-6
Let r(q) = q**2 - 10*q + 6. Determine r(8).
-10
Let g(j) = -j**2 + 7*j - 1. What is g(2)?
9
Let g(p) = p**3 - 8*p**2 - 9*p + 12. What is g(9)?
12
Let k(p) = -p + 17. Give k(10).
7
Let o(s) = -s**3 + 7*s**2 + 8*s - 6. Give o(8).
-6
Let i(y) = -23*y**3 - y**2 - 1. Calculate i(1).
-25
Let p(k) = k**3 - 3*k**2 + 2*k - 7. Calculate p(3).
-1
Let g(n) = n**2 - 2*n - 27. What is g(-6)?
21
Let y(p) = p**3 + 2*p**2 + 2. What is y(-4)?
-30
Let w(s) = 7*s + 26. Calculate w(0).
26
Let o(a) = 4*a - 16. Give o(3).
-4
Let g(n) = 3*n - 6. Calculate g(-2).
-12
Let i(a) = a**3 - 13*a**2 - 9*a - 29. What is i(14)?
41
Let q(r) = r - 10. Calculate q(14).
4
Let m(f) = f**2 - 3*f - 15. Give m(9).
39
Let a(p) = 14*p + 12. Give a(-1).
-2
Let x(r) = -29*r + 17. Calculate x(1).
-12
Let p(x) = 3*x + 12. What is p(-6)?
-6
Let l(r) = -r - 19. Determine l(-12).
-7
Let v(d) = -6*d + 1. Give v(1).
-5
Let d(x) = 3*x - 14. Calculate d(-14).
-56
Let t(l) = -l - 5. Give t(-11).
6
Let x(j) = -j + 16. Calculate x(12).
4
Let u(i) = -3*i + 4. What is u(-4)?
16
Let c(n) = -n - 2. What is c(6)?
-8
Let o(k) = -25*k**2 + 1. Determine o(-1).
-24
Let u(c) = -c**2 - 8*c - 8. Give u(-5).
7
Let k(l) = l**2 + 9*l + 6. What is k(-7)?
-8
Let r(u) = 15*u + 137. Determine r(-9).
2
Let o(k) = -9*k**2 + k. Calculate o(2).
-34
Let m(y) = -y**3 - 3*y**2 + 2*y. Give m(-4).
8
Let q(o) = 12*o + 9. Calculate q(-6).
-63
Let d(w) = -48*w - 144. Calculate d(-3).
0
Let r(d) = -4*d - 45. What is r(-11)?
-1
Let y(s) = s**2 - 9*s + 3. Determine y(9).
3
Let a(b) = b**2 - 22*b - 24. Give a(21).
-45
Let k(l) = -3*l - 34. Determine k(-15).
11
Let n(l) = l - 2. What is n(-14)?
-16
Let a(d) = d**3 - 7*d**2 + 6*d - 4. Give a(4).
-28
Let l(c) = c**3 + 10*c**2 + c - 12. Give l(-11).
-144
Let w(d) = -d**3 + 19*d**2 + 3*d - 61. Determine w(19).
-4
Let t(r) = r - 32. Calculate t(-12).
-44
Let w(h) = -h**2 + 9*h - 11. What is w(7)?
3
Let f(t) = t**3 - 10*t**2 + 8*t - 27. Determine f(9).
-36
Let c(k) = -k**2 + 22*k + 22. What is c(23)?
-1
Let c(q) = -2*q**2 + 3*q + 4. Calculate c(3).
-5
Let v(t) = 2*t - 15. What is v(12)?
9
Let q(j) = 352*j + 699. Give q(-2).
-5
Let t(k) = 3*k - 11. Determine t(5).
4
Let z(d) = -d**3 - 6*d**2 - 3*d + 4. Calculate z(-5).
-6
Let l(t) = 3*t - 51. Give l(24).
21
Let i(b) = -b**2 - 11*b + 21. Calculate i(-13).
-5
Let j(c) = 5*c - 259. Determine j(50).
-9
Let s(q) = -5*q - 71. Calculate s(-16).
9
Let o(l) = -3*l - 16. Determine o(-12).
20
Let k(i) = -2*i**3 + 41*i**2 - 20*i + 2. What is k(20)?
2
Let r(v) = -v**3 + v**2 - 6*v + 4. What is r(2)?
-12
Let s(q) = 23*q + 1. Calculate s(-2).
-45
Let t(h) = h**3 - h**2 - h. Determine t(2).
2
Let i(y) = -2*y**3 - 2*y**2 - 3*y + 2. Give i(-3).
47
Let c(s) = -s**3 - 3*s**2 - 1. Calculate c(-2).
-5
Let z(t) = -54*t + 279. Give z(5).
9
Let z(r) = r**2 - 7*r - 2. Determine z(7).
-2
Let d(o) = -2*o. Give d(3).
-6
Let i(a) = -2*a**2 + 3*a + 36. Calculate i(6).
-18
Let o(z) = z**3 + 21*z**2 + 20*z + 1. What is o(-20)?
1
Let n(i) = 5*i + 167. Give n(-33).
2
Let f(j) = -j**3 + 5*j**2 + 14*j + 5. What is f(7)?
5
Let o(j) = -2*j**2 + 90*j - 75. What is o(44)?
13
Let s(m) = -5*m + 9. What is s(7)?
-26
Let y(c) = c**3 + c**2 - 2*c - 5. Calculate y(3).
25
Let s(h) = h**2 - 6*h + 3. Determine s(3).
-6
Let z(s) = -2*s**2 - 2. Give z(-2).
-10
Let g(l) = -5*l - 5. Determine g(0).
-5
Let i(q) = q**2 + 18*q + 87. What is i(-7)?
10
Let o(i) = i**3 + i - 16. Give o(0).
-16
Let t(u) = -57*u - 505. Give t(-9).
8
Let w(z) = z**3 + 5*z**2 + 8. Determine w(-5).
8
Let y(p) = -4*p + 23. Give y(8).
-9
Let w(g) = -6*g - 1. Determine w(2).
-13
Let f(x) = 2*x**2 + 17*x + 17. Determine f(-7).
-4
Let v(t) = -t**2 + 46*t - 264. Give v(7).
9
Let l(g) = -g + 4. What is l(4)?
0
Let x(j) = j**2 + 18*j + 20. Give x(-8).
-60
Let x(g) = -g + 15. Give x(12).
3
Let g(q) = 2*q**2 + 28*q + 8. Calculate g(-13).
-18
Let z(c) = 3*c**3 + 2*c**2 - 2*c + 3. Give z(2).
31
Let w(h) = -6*h**2 + 18*h - 6. What is w(3)?
-6
Let j(c) = -25*c - 3. Calculate j(1).
-28
Let s(h) = -3*h**2 + h - 1. Determine s(2).
-11
Let z(t) = 5*t - 13. Calculate z(-2).
-23
Let o(h) = -h**2 + 2*h + 31. Give o(0).
31
Let m(c) = 8*c + 208. Determine m(-27).
-8
Let y(o) = o + 15. What is y(-25)?
-10
Let r(b) = -11*b - 530. Give r(-48).
-2
Let f(p) = p - 14. Give f(19).
5
Let j(c) = -c + 12. Give j(0).
12
Let l(x) = x**3 + 7*x**2 + x + 2. Give l(-6).
32
Let g(b) = b**3 - 4*b**2 - 4*b - 2. Calculate g(4).
-18
Let v(f) = -3*f**2 - 238*f - 308. Calculate v(-78).
4
Let d(l) = l**2 + 4*l - 2. Give d(3).
19
Let z(s) = -11*s - 29. Give z(7).
-106
Let v(f) = -2*f + 5. Determine v(1).
3
Let l(d) = -2*d**2 + 7*d + 45. What is l(7)?
-4
Let d(y) = 8*y - 38. Calculate d(13).
66
Let t(u) = u**2 - 23*u + 26. Give t(22).
4
Let q(b) = -3*b - 115. Calculate q(-31).
-22
Let l(w) = 9*w - 82. What is l(8)?
-10
Let w(y) = 19*y**2 + 43*y - 3. What is w(-2)?
-13
Let s(z) = 9*z + 14. Calculate s(-7).
-49
Let q(b) = b**2 + 4*b - 8. Give q(-6).
4
Let r(y) = -y**3 - 20*y**2 - 19*y - 7. Calculate r(-19).
-7
Let y(c) = -c**3 - 18*c**2 - 16*c - 41. Give y(-17).
-58
Let o(m) = -m**3 + 5*m**2 + 17*m + 16. Calculate o(8).
-40
Let c(u) = -u**2 - 11*u - 19. Calculate c(-10).
-9
Let z(w) = w - 16. Calculate z(9).
-7
Let a(g) = -g**2 - 7*g - 18. What is a(-4)?
-6
Let r(d) = -2*d**2 - d - 2. Give r(0).
-2
Let j(s) = -s**2 - s + 3. What is j(5)?
-27
Let b(r) = 4*r + 41. Determine b(-7).
13
Let m(n) = -n**3 + 10*n**2 + 10*n + 3. Determine m(10).
103
Let o(s) = 19*s**2 - 3*s - 3. Give o(-2).
79
Let i(h) = -14*h + 106. Give i(6).
22
Let z(j) = -j**3 - 6*j**2 + 4*j. Determine z(-7).
21
Let t(u) = u**2 - 12*u + 6. Give t(11).
-5
Let k(c) = c**2 + 8*c + 6. Give k(-8).
6
Let a(x) = -x**3 + 7*x**2 - 4*x - 6. Give a(3).
18
Let p(w) = w**2 + 13*w + 22. Determine p(-11).
0
Let u(d) = -d**2 - 13*d + 39. Calculate u(-16).
-9
Let f(q) = q**2 + 43*q - 235. Give f(-48).
5
Let l(i) = -27*i**2 - i + 1. Determine l(-1).
-25
Let i(q) = -q**3 - 7*q**2 + 8*q + 19. What is i(-7)?
-37
Let l(z) = z**2 + 15*z - 1. Give l(-9).
-55
Let h(v) = -v**3 + 8*v**2 - 11*v - 3. Give h(6).
3
Let z(r) = -r - 12. What is z(5)?
-17
Let x(p) = p**3 - 4*p**2 + 7*p - 10. What is x(4)?
18
Let i(u) = -u**3 + 5*u**2 + 6*u - 9. What is i(6)?
-9
Let k(m) = -m**3 - 6*m**2 + 10*m + 13. Give k(-7).
-8
Let d(p) = p**3 - 5*p**2 - 8*p + 23. What is d(6)?
11
Let j(p) = -17*p + 91. Calculate j(5).
6
Let f(g) = 18*g - 11. Give f(3).
43
Let c(a) = -12*a - 216. Determine c(-19).
12
Let u(b) = b**3 + 11*b**2 + 7*b - 1. Calculate u(-10).
29
Let x(p) = 12*p - 3. Calculate x(4).
45
Let q(b) = -12*b - 161. What is q(-14)?
7
Let l(o) = -o**2 + 22*o - 23. Calculate l(21).
-2
Let x(t) = -2*t**3 + 23*t**2 - 45*t + 5. Give x(9).
5
Let d(j) = -j**3 + 9*j**2 + 13*j - 14. Determine d(10).
16
Let i(m) = -17*m**2 + m. What is i(1)?
-16
Let n(f) = -f**2 + f + 22. Determine n(12).
-110
Let z(x) = x**2 + 7*x - 6. Give z(-6).
-12
Let l(o) = 14*o + 89. Give l(-7).
-9
Let x(h) = 13*h**2 + h + 1. What is x(-1)?
13
Let k(x) = x**3 + x**2 - x + 6. Determine k(0).
6
Let m(g) = -2*g**2 + 21*g - 45. What is m(2)?
-11
Let i(z) = -8*z**2 - 3*z - 1. What is i(-1)?
-6
Let r(i) = 3*i**3 + 2*i**2 + 2*i - 1. Calculate r(-2).
-21
Let l(p) = -p**3 - 4*p**2 - 16*p - 4. Calculate l(-3).
35
Let s(c) = -c**2 - 7*c + 45. Determine s(-11).
1
Let v(o) = o**2 - 9*o + 15. Calculate v(6).
-3
Let o(h) = -h**3 - 33*h**2 + 36*h + 67. Determine o(-34).
-1
Let a(x) = 4*x + 30. Give a(-6).
6
Let s(c) = 2*c**3 + 2*c**2 + 6*c + 4. What is s(-3)?
-50
Let r(l) = -l**3 - 